{"id":7549,"date":"2024-09-09T08:38:19","date_gmt":"2024-09-09T08:38:19","guid":{"rendered":"https:\/\/mystudyweb.com\/corporate\/?page_id=7549"},"modified":"2025-11-17T10:19:22","modified_gmt":"2025-11-17T10:19:22","slug":"anmalan-skriv-och-las-den-forsvunna-tomteluvan","status":"publish","type":"page","link":"https:\/\/mystudyweb.com\/corporate\/anmalan-skriv-och-las-den-forsvunna-tomteluvan\/","title":{"rendered":"Anm\u00e4lan Skriv och L\u00e4s &#8211; \u201dDen f\u00f6rsvunna tomteluvan\u201d"},"content":{"rendered":"<div id=\"pl-7549\"  class=\"panel-layout\" ><div id=\"pg-7549-0\"  class=\"panel-grid panel-no-style\" ><div id=\"pgc-7549-0-0\"  class=\"panel-grid-cell\" ><div id=\"panel-7549-0-0-0\" class=\"so-panel widget widget_sow-image panel-first-child\" data-index=\"0\" ><div\n\t\t\t\n\t\t\tclass=\"so-widget-sow-image so-widget-sow-image-default-4e6925654b7a-7549\"\n\t\t\t\n\t\t>\n<div class=\"sow-image-container\">\n\t\t<img \n\tsrc=\"https:\/\/mystudyweb-bucket.s3.eu-west-1.amazonaws.com\/corporate\/wp-content\/uploads\/2025\/11\/14153909\/Omslag.jpg\" width=\"640\" height=\"406\" srcset=\"https:\/\/mystudyweb-bucket.s3.eu-west-1.amazonaws.com\/corporate\/wp-content\/uploads\/2025\/11\/14153909\/Omslag.jpg 708w, https:\/\/mystudyweb-bucket.s3.eu-west-1.amazonaws.com\/corporate\/wp-content\/uploads\/2025\/11\/14153909\/Omslag-300x190.jpg 300w, https:\/\/mystudyweb-bucket.s3.eu-west-1.amazonaws.com\/corporate\/wp-content\/uploads\/2025\/11\/14153909\/Omslag-315x200.jpg 315w, https:\/\/mystudyweb-bucket.s3.eu-west-1.amazonaws.com\/corporate\/wp-content\/uploads\/2025\/11\/14153909\/Omslag-670x425.jpg 670w\" sizes=\"(max-width: 640px) 100vw, 640px\" alt=\"\" \t\tclass=\"so-widget-image\"\/>\n\t<\/div>\n\n<\/div><\/div><div id=\"panel-7549-0-0-1\" class=\"so-panel widget widget_sow-editor panel-last-child\" data-index=\"1\" ><div\n\t\t\t\n\t\t\tclass=\"so-widget-sow-editor so-widget-sow-editor-base\"\n\t\t\t\n\t\t>\n<div class=\"siteorigin-widget-tinymce textwidget\">\n\t<h1>AnM\u00e4lan: \u201dDen f\u00f6rsvunna tomteluvan\u201d 2025<\/h1>\n<p data-redactor-style-cache=\"text-align: center;\">Skapa den r\u00e4tta julst\u00e4mningen i ditt klassrum med hj\u00e4lp av detta inspirerande skrivprojekt f\u00f6r \u00e5k F-3 veckorna f\u00f6re jul. Du och dina elever best\u00e4mmer sj\u00e4lva vad ni vill skriva om. V\u00e5ra f\u00e4rdiga mallar och f\u00f6rslag p\u00e5 teman g\u00f6r det enkelt f\u00f6r eleverna att komma ig\u00e5ng med skrivandet.<\/p>\n<p data-redactor-style-cache=\"text-align: center;\">Skrivperiod: 17 november - 20 december 2025<\/p>\n<p data-redactor-style-cache=\"text-align: center;\">Mer info om \"Den f\u00f6rsvunna tomteluvan\" och Skriv och l\u00e4s hittar du <a href=\"https:\/\/mystudyweb.com\/corporate\/den-forsvunna-tomteluvan-ett-roligt-och-gratis-skrivprojekt-for-ak-f-3\/\">H\u00c4R<\/a>!<\/p>\n<h2>Registrera dig nu f\u00f6r gratis tillg\u00e5ng till Skriv och L\u00c4S!<\/h2>\n<h5>Fyll i dina uppgifter i formul\u00e4ret nedan f\u00f6r att anm\u00e4la dig och din klass.<\/h5>\n\n<div class=\"wpcf7 no-js\" id=\"wpcf7-f7816-o1\" lang=\"en-US\" dir=\"ltr\" data-wpcf7-id=\"7816\">\n<div class=\"screen-reader-response\"><p role=\"status\" aria-live=\"polite\" aria-atomic=\"true\"><\/p> <ul><\/ul><\/div>\n<form action=\"\/corporate\/wp-json\/wp\/v2\/pages\/7549#wpcf7-f7816-o1\" method=\"post\" class=\"wpcf7-form init\" aria-label=\"Contact form\" novalidate=\"novalidate\" data-status=\"init\">\n<fieldset class=\"hidden-fields-container\"><input type=\"hidden\" name=\"_wpcf7\" value=\"7816\" \/><input type=\"hidden\" name=\"_wpcf7_version\" value=\"6.1.4\" \/><input type=\"hidden\" name=\"_wpcf7_locale\" value=\"en_US\" \/><input type=\"hidden\" name=\"_wpcf7_unit_tag\" value=\"wpcf7-f7816-o1\" \/><input type=\"hidden\" name=\"_wpcf7_container_post\" value=\"0\" \/><input type=\"hidden\" name=\"_wpcf7_posted_data_hash\" value=\"\" \/><input type=\"hidden\" name=\"_wpcf7cf_hidden_group_fields\" value=\"[]\" \/><input type=\"hidden\" name=\"_wpcf7cf_hidden_groups\" value=\"[]\" \/><input type=\"hidden\" name=\"_wpcf7cf_visible_groups\" value=\"[]\" \/><input type=\"hidden\" name=\"_wpcf7cf_repeaters\" value=\"[]\" \/><input type=\"hidden\" name=\"_wpcf7cf_steps\" value=\"{}\" \/><input type=\"hidden\" name=\"_wpcf7cf_options\" value=\"{&quot;form_id&quot;:7816,&quot;conditions&quot;:[{&quot;then_field&quot;:&quot;group-754&quot;,&quot;and_rules&quot;:[{&quot;if_field&quot;:&quot;-1&quot;,&quot;operator&quot;:&quot;equals&quot;,&quot;if_value&quot;:&quot;Kartl\\u00e4ggaren&quot;}]},{&quot;then_field&quot;:&quot;group-653&quot;,&quot;and_rules&quot;:[{&quot;if_field&quot;:&quot;-1&quot;,&quot;operator&quot;:&quot;equals&quot;,&quot;if_value&quot;:&quot;mystudyweb&quot;}]}],&quot;settings&quot;:{&quot;animation&quot;:&quot;yes&quot;,&quot;animation_intime&quot;:200,&quot;animation_outtime&quot;:200,&quot;conditions_ui&quot;:&quot;normal&quot;,&quot;notice_dismissed&quot;:false}}\" \/><input type=\"hidden\" name=\"_wpcf7_recaptcha_response\" value=\"\" \/>\n<\/fieldset>\n<div class=\"contactContainer row\">\n<!--<div class=\"response_testa\"><div class=\"wpcf7-response-output\" aria-hidden=\"true\"><\/div><\/div>-->\n\t<div class=\"col-sm-6\">\n\t\t<p><span class=\"wpcf7-form-control-wrap\" data-name=\"your-skola\"><input size=\"40\" maxlength=\"400\" class=\"wpcf7-form-control wpcf7-text wpcf7-validates-as-required\" aria-required=\"true\" aria-invalid=\"false\" placeholder=\"Skola*\" value=\"\" type=\"text\" name=\"your-skola\" \/><\/span><br \/>\n<span class=\"wpcf7-form-control-wrap\" data-name=\"your-name\"><input size=\"40\" maxlength=\"400\" class=\"wpcf7-form-control wpcf7-text wpcf7-validates-as-required\" aria-required=\"true\" aria-invalid=\"false\" placeholder=\"Namn*\" value=\"\" type=\"text\" name=\"your-name\" \/><\/span><br \/>\n<span class=\"wpcf7-form-control-wrap\" data-name=\"title\"><select class=\"wpcf7-form-control wpcf7-select wpcf7-validates-as-required\" aria-required=\"true\" aria-invalid=\"false\" name=\"title\"><option value=\"\">Titel*<\/option><option value=\"L\u00e4rare\">L\u00e4rare<\/option><option value=\"L\u00e4rare F-3\">L\u00e4rare F-3<\/option><option value=\"L\u00e4rare 4-6\">L\u00e4rare 4-6<\/option><option value=\"L\u00e4rare 7-9\">L\u00e4rare 7-9<\/option><option value=\"L\u00e4rare Gy\">L\u00e4rare Gy<\/option><option value=\"Speciall\u00e4rare\/Specialpedagog\">Speciall\u00e4rare\/Specialpedagog<\/option><option value=\"IT-pedagog\/IT-ansvarig\">IT-pedagog\/IT-ansvarig<\/option><option value=\"Bitr\u00e4dande rektor\">Bitr\u00e4dande rektor<\/option><option value=\"Rektor\">Rektor<\/option><option value=\"\u00d6vrigt\">\u00d6vrigt<\/option><\/select><\/span>\n\t\t<\/p>\n\t\t<div>\n\t\t\t<p><label style=\"font-weight: 300; font-size: 16px; font-family: 'Cabin', Helvetica, sans-serif;\">\u00c4mne l\u00e4rare:<\/label><br \/>\n<span class=\"wpcf7-form-control-wrap\" data-name=\"Amne-larare\"><span class=\"wpcf7-form-control wpcf7-checkbox\" id=\"amneLarareCheckBox\"><span class=\"wpcf7-list-item first\"><label><input type=\"checkbox\" name=\"Amne-larare[]\" value=\"Matematik\" \/><span class=\"wpcf7-list-item-label\">Matematik<\/span><\/label><\/span><span class=\"wpcf7-list-item\"><label><input type=\"checkbox\" name=\"Amne-larare[]\" value=\"Svenska\" \/><span class=\"wpcf7-list-item-label\">Svenska<\/span><\/label><\/span><span class=\"wpcf7-list-item\"><label><input type=\"checkbox\" name=\"Amne-larare[]\" value=\"Engelska\" \/><span class=\"wpcf7-list-item-label\">Engelska<\/span><\/label><\/span><span class=\"wpcf7-list-item\"><label><input type=\"checkbox\" name=\"Amne-larare[]\" value=\"NO\" \/><span class=\"wpcf7-list-item-label\">NO<\/span><\/label><\/span><span class=\"wpcf7-list-item last\"><label><input type=\"checkbox\" name=\"Amne-larare[]\" value=\"SO\" \/><span class=\"wpcf7-list-item-label\">SO<\/span><\/label><\/span><\/span><\/span>\n\t\t\t<\/p>\n\t\t<\/div>\n\t\t<p><span class=\"wpcf7-form-control-wrap\" data-name=\"your-email\"><input size=\"40\" maxlength=\"400\" class=\"wpcf7-form-control wpcf7-email wpcf7-validates-as-required wpcf7-text wpcf7-validates-as-email\" aria-required=\"true\" aria-invalid=\"false\" placeholder=\"E-post (skolmejl)*\" value=\"\" type=\"email\" name=\"your-email\" \/><\/span><br \/>\n<span class=\"wpcf7-form-control-wrap\" data-name=\"mobile\"><input size=\"40\" maxlength=\"400\" class=\"wpcf7-form-control wpcf7-tel wpcf7-text wpcf7-validates-as-tel\" aria-invalid=\"false\" placeholder=\"Telefon\" value=\"\" type=\"tel\" name=\"mobile\" \/><\/span>\n\t\t<\/p>\n\t\t<p>\u00d6vrig info:<label class=\"fullwidth\"><span class=\"wpcf7-form-control-wrap\" data-name=\"your-message\"><textarea cols=\"40\" rows=\"9\" maxlength=\"2000\" class=\"wpcf7-form-control wpcf7-textarea\" aria-invalid=\"false\" name=\"your-message\"><\/textarea><\/span><\/label><br \/>\n<span data-id=\"group-754\" data-orig_data_id=\"group-754\" data-clear_on_hide class=\"\" data-class=\"wpcf7cf_group\"><span class=\"wpcf7-form-control-wrap\" data-name=\"question\"><select class=\"wpcf7-form-control wpcf7-select wpcf7-validates-as-required required\" id=\"question\" aria-required=\"true\" aria-invalid=\"false\" name=\"question\"><option value=\"\">Vill du f\u00e5 tillg\u00e5ng till inspelad demo om Kartl\u00e4ggaren?*<\/option><option value=\"Ja\">Ja<\/option><option value=\"Nej\">Nej<\/option><\/select><\/span><\/span>\n\t\t<\/p>\n\t\t<div data-id=\"group-653\" data-orig_data_id=\"group-653\"  class=\"\" data-class=\"wpcf7cf_group\">\n\t\t\t<p><span class=\"wpcf7-form-control-wrap\" data-name=\"mystudywebquestion\"><select class=\"wpcf7-form-control wpcf7-select wpcf7-validates-as-required required\" id=\"mystudywebquestion\" aria-required=\"true\" aria-invalid=\"false\" name=\"mystudywebquestion\"><option value=\"\">Vill du f\u00e5 tillg\u00e5ng till inspelad demo om mystudyweb?*<\/option><option value=\"Ja\">Ja<\/option><option value=\"Nej\">Nej<\/option><\/select><\/span>\n\t\t\t<\/p>\n\t\t<\/div>\n\t\t<div class=\"form-group\">\n\t\t\t<p><input class=\"wpcf7-form-control wpcf7-submit has-spinner\" type=\"submit\" value=\"Skicka\" \/>\n\t\t\t<\/p>\n\t\t<\/div>\n\t<\/div>\n<\/div>\n<p><script language=\"javascript\" type=\"text\/javascript\">\n document.addEventListener( 'wpcf7mailsent', function( event ) {\n location = 'https:\/\/mystudyweb.com\/corporate\/test-submission-new\/';\n}, false );\n<\/script>\n<\/p><p style=\"display: none !important;\" class=\"akismet-fields-container\" data-prefix=\"_wpcf7_ak_\"><label>&#916;<textarea name=\"_wpcf7_ak_hp_textarea\" cols=\"45\" rows=\"8\" maxlength=\"100\"><\/textarea><\/label><input type=\"hidden\" id=\"ak_js_1\" name=\"_wpcf7_ak_js\" value=\"30\"\/><script>document.getElementById( \"ak_js_1\" ).setAttribute( \"value\", ( new Date() ).getTime() );<\/script><\/p>\n<\/form>\n<\/div>\n\n<\/div>\n<\/div><\/div><\/div><\/div><\/div>","protected":false},"excerpt":{"rendered":"<p>AnM\u00e4lan: \u201dDen f\u00f6rsvunna tomteluvan\u201d 2025 Skapa den r\u00e4tta julst\u00e4mningen i ditt klassrum med hj\u00e4lp av detta inspirerande skrivprojekt f\u00f6r \u00e5k F-3 veckorna f\u00f6re jul. Du och dina elever best\u00e4mmer sj\u00e4lva vad ni vill skriva om. &hellip; <a href=\"https:\/\/mystudyweb.com\/corporate\/anmalan-skriv-och-las-den-forsvunna-tomteluvan\/\" class=\"more-link\">Forts\u00e4tt l\u00e4sa <span class=\"screen-reader-text\">Anm\u00e4lan Skriv och L\u00e4s &#8211; \u201dDen f\u00f6rsvunna tomteluvan\u201d<\/span> <span class=\"meta-nav\">&rarr;<\/span><\/a><\/p>\n","protected":false},"author":1,"featured_media":9634,"parent":0,"menu_order":0,"comment_status":"closed","ping_status":"closed","template":"page-templates\/template-full-width.php","meta":{"footnotes":""},"class_list":["post-7549","page","type-page","status-publish","has-post-thumbnail","hentry"],"yoast_head":"<!-- This site is optimized with the Yoast SEO Premium plugin v26.5 (Yoast SEO v26.5) - https:\/\/yoast.com\/wordpress\/plugins\/seo\/ -->\n<title>Anm\u00e4lan Skriv och L\u00e4s - \u201dDen f\u00f6rsvunna tomteluvan\u201d - mystudyweb<\/title>\n<meta name=\"description\" content=\"Med Skriv och L\u00e4s \u00e4r det enkelt och roligt f\u00f6r varje elev att skapa sina egna b\u00f6cker. N\u00e4r klassen har registrerats kan eleverna b\u00f6rja skapa sina julber\u00e4ttelser.\" \/>\n<meta name=\"robots\" content=\"index, follow, max-snippet:-1, max-image-preview:large, max-video-preview:-1\" \/>\n<link rel=\"canonical\" href=\"https:\/\/mystudyweb.com\/corporate\/anmalan-skriv-och-las-den-forsvunna-tomteluvan\/\" \/>\n<meta property=\"og:locale\" content=\"en_US\" \/>\n<meta property=\"og:type\" content=\"article\" \/>\n<meta property=\"og:title\" content=\"Anm\u00e4lan Skriv och L\u00e4s - \u201dDen f\u00f6rsvunna tomteluvan\u201d\" \/>\n<meta property=\"og:description\" content=\"Med Skriv och L\u00e4s \u00e4r det enkelt och roligt f\u00f6r varje elev att skapa sina egna b\u00f6cker. N\u00e4r klassen har registrerats kan eleverna b\u00f6rja skapa sina julber\u00e4ttelser.\" \/>\n<meta property=\"og:url\" content=\"https:\/\/mystudyweb.com\/corporate\/anmalan-skriv-och-las-den-forsvunna-tomteluvan\/\" \/>\n<meta property=\"og:site_name\" content=\"mystudyweb\" \/>\n<meta property=\"article:modified_time\" content=\"2025-11-17T10:19:22+00:00\" \/>\n<meta property=\"og:image\" content=\"https:\/\/mystudyweb-bucket.s3.eu-west-1.amazonaws.com\/corporate\/wp-content\/uploads\/2025\/11\/14153909\/Omslag.jpg\" \/>\n\t<meta property=\"og:image:width\" content=\"708\" \/>\n\t<meta property=\"og:image:height\" content=\"449\" \/>\n\t<meta property=\"og:image:type\" content=\"image\/jpeg\" \/>\n<meta name=\"twitter:card\" content=\"summary_large_image\" \/>\n<meta name=\"twitter:label1\" content=\"Est. reading time\" \/>\n\t<meta name=\"twitter:data1\" content=\"1 minute\" \/>\n<script type=\"application\/ld+json\" class=\"yoast-schema-graph\">{\"@context\":\"https:\/\/schema.org\",\"@graph\":[{\"@type\":\"WebPage\",\"@id\":\"https:\/\/mystudyweb.com\/corporate\/anmalan-skriv-och-las-den-forsvunna-tomteluvan\/\",\"url\":\"https:\/\/mystudyweb.com\/corporate\/anmalan-skriv-och-las-den-forsvunna-tomteluvan\/\",\"name\":\"Anm\u00e4lan Skriv och L\u00e4s - \u201dDen f\u00f6rsvunna tomteluvan\u201d - mystudyweb\",\"isPartOf\":{\"@id\":\"https:\/\/mystudyweb.com\/corporate\/#website\"},\"primaryImageOfPage\":{\"@id\":\"https:\/\/mystudyweb.com\/corporate\/anmalan-skriv-och-las-den-forsvunna-tomteluvan\/#primaryimage\"},\"image\":{\"@id\":\"https:\/\/mystudyweb.com\/corporate\/anmalan-skriv-och-las-den-forsvunna-tomteluvan\/#primaryimage\"},\"thumbnailUrl\":\"https:\/\/mystudyweb-bucket.s3.eu-west-1.amazonaws.com\/corporate\/wp-content\/uploads\/2025\/11\/14153909\/Omslag.jpg\",\"datePublished\":\"2024-09-09T08:38:19+00:00\",\"dateModified\":\"2025-11-17T10:19:22+00:00\",\"description\":\"Med Skriv och L\u00e4s \u00e4r det enkelt och roligt f\u00f6r varje elev att skapa sina egna b\u00f6cker. N\u00e4r klassen har registrerats kan eleverna b\u00f6rja skapa sina julber\u00e4ttelser.\",\"breadcrumb\":{\"@id\":\"https:\/\/mystudyweb.com\/corporate\/anmalan-skriv-och-las-den-forsvunna-tomteluvan\/#breadcrumb\"},\"inLanguage\":\"en-US\",\"potentialAction\":[{\"@type\":\"ReadAction\",\"target\":[\"https:\/\/mystudyweb.com\/corporate\/anmalan-skriv-och-las-den-forsvunna-tomteluvan\/\"]}]},{\"@type\":\"ImageObject\",\"inLanguage\":\"en-US\",\"@id\":\"https:\/\/mystudyweb.com\/corporate\/anmalan-skriv-och-las-den-forsvunna-tomteluvan\/#primaryimage\",\"url\":\"https:\/\/mystudyweb-bucket.s3.eu-west-1.amazonaws.com\/corporate\/wp-content\/uploads\/2025\/11\/14153909\/Omslag.jpg\",\"contentUrl\":\"https:\/\/mystudyweb-bucket.s3.eu-west-1.amazonaws.com\/corporate\/wp-content\/uploads\/2025\/11\/14153909\/Omslag.jpg\",\"width\":708,\"height\":449},{\"@type\":\"BreadcrumbList\",\"@id\":\"https:\/\/mystudyweb.com\/corporate\/anmalan-skriv-och-las-den-forsvunna-tomteluvan\/#breadcrumb\",\"itemListElement\":[{\"@type\":\"ListItem\",\"position\":1,\"name\":\"Home\",\"item\":\"https:\/\/mystudyweb.com\/corporate\/\"},{\"@type\":\"ListItem\",\"position\":2,\"name\":\"Anm\u00e4lan Skriv och L\u00e4s &#8211; \u201dDen f\u00f6rsvunna tomteluvan\u201d\"}]},{\"@type\":\"WebSite\",\"@id\":\"https:\/\/mystudyweb.com\/corporate\/#website\",\"url\":\"https:\/\/mystudyweb.com\/corporate\/\",\"name\":\"mystudyweb\",\"description\":\"\",\"publisher\":{\"@id\":\"https:\/\/mystudyweb.com\/corporate\/#organization\"},\"potentialAction\":[{\"@type\":\"SearchAction\",\"target\":{\"@type\":\"EntryPoint\",\"urlTemplate\":\"https:\/\/mystudyweb.com\/corporate\/?s={search_term_string}\"},\"query-input\":{\"@type\":\"PropertyValueSpecification\",\"valueRequired\":true,\"valueName\":\"search_term_string\"}}],\"inLanguage\":\"en-US\"},{\"@type\":\"Organization\",\"@id\":\"https:\/\/mystudyweb.com\/corporate\/#organization\",\"name\":\"mystudyweb\",\"url\":\"https:\/\/mystudyweb.com\/corporate\/\",\"logo\":{\"@type\":\"ImageObject\",\"inLanguage\":\"en-US\",\"@id\":\"https:\/\/mystudyweb.com\/corporate\/#\/schema\/logo\/image\/\",\"url\":\"https:\/\/mystudyweb.com\/corporate\/wp-content\/uploads\/2016\/12\/cropped-logo.jpg\",\"contentUrl\":\"https:\/\/mystudyweb.com\/corporate\/wp-content\/uploads\/2016\/12\/cropped-logo.jpg\",\"width\":466,\"height\":55,\"caption\":\"mystudyweb\"},\"image\":{\"@id\":\"https:\/\/mystudyweb.com\/corporate\/#\/schema\/logo\/image\/\"}}]}<\/script>\n<!-- \/ Yoast SEO Premium plugin. -->","yoast_head_json":{"title":"Anm\u00e4lan Skriv och L\u00e4s - \u201dDen f\u00f6rsvunna tomteluvan\u201d - mystudyweb","description":"Med Skriv och L\u00e4s \u00e4r det enkelt och roligt f\u00f6r varje elev att skapa sina egna b\u00f6cker. N\u00e4r klassen har registrerats kan eleverna b\u00f6rja skapa sina julber\u00e4ttelser.","robots":{"index":"index","follow":"follow","max-snippet":"max-snippet:-1","max-image-preview":"max-image-preview:large","max-video-preview":"max-video-preview:-1"},"canonical":"https:\/\/mystudyweb.com\/corporate\/anmalan-skriv-och-las-den-forsvunna-tomteluvan\/","og_locale":"en_US","og_type":"article","og_title":"Anm\u00e4lan Skriv och L\u00e4s - \u201dDen f\u00f6rsvunna tomteluvan\u201d","og_description":"Med Skriv och L\u00e4s \u00e4r det enkelt och roligt f\u00f6r varje elev att skapa sina egna b\u00f6cker. N\u00e4r klassen har registrerats kan eleverna b\u00f6rja skapa sina julber\u00e4ttelser.","og_url":"https:\/\/mystudyweb.com\/corporate\/anmalan-skriv-och-las-den-forsvunna-tomteluvan\/","og_site_name":"mystudyweb","article_modified_time":"2025-11-17T10:19:22+00:00","og_image":[{"width":708,"height":449,"url":"https:\/\/mystudyweb-bucket.s3.eu-west-1.amazonaws.com\/corporate\/wp-content\/uploads\/2025\/11\/14153909\/Omslag.jpg","type":"image\/jpeg"}],"twitter_card":"summary_large_image","twitter_misc":{"Est. reading time":"1 minute"},"schema":{"@context":"https:\/\/schema.org","@graph":[{"@type":"WebPage","@id":"https:\/\/mystudyweb.com\/corporate\/anmalan-skriv-och-las-den-forsvunna-tomteluvan\/","url":"https:\/\/mystudyweb.com\/corporate\/anmalan-skriv-och-las-den-forsvunna-tomteluvan\/","name":"Anm\u00e4lan Skriv och L\u00e4s - \u201dDen f\u00f6rsvunna tomteluvan\u201d - mystudyweb","isPartOf":{"@id":"https:\/\/mystudyweb.com\/corporate\/#website"},"primaryImageOfPage":{"@id":"https:\/\/mystudyweb.com\/corporate\/anmalan-skriv-och-las-den-forsvunna-tomteluvan\/#primaryimage"},"image":{"@id":"https:\/\/mystudyweb.com\/corporate\/anmalan-skriv-och-las-den-forsvunna-tomteluvan\/#primaryimage"},"thumbnailUrl":"https:\/\/mystudyweb-bucket.s3.eu-west-1.amazonaws.com\/corporate\/wp-content\/uploads\/2025\/11\/14153909\/Omslag.jpg","datePublished":"2024-09-09T08:38:19+00:00","dateModified":"2025-11-17T10:19:22+00:00","description":"Med Skriv och L\u00e4s \u00e4r det enkelt och roligt f\u00f6r varje elev att skapa sina egna b\u00f6cker. N\u00e4r klassen har registrerats kan eleverna b\u00f6rja skapa sina julber\u00e4ttelser.","breadcrumb":{"@id":"https:\/\/mystudyweb.com\/corporate\/anmalan-skriv-och-las-den-forsvunna-tomteluvan\/#breadcrumb"},"inLanguage":"en-US","potentialAction":[{"@type":"ReadAction","target":["https:\/\/mystudyweb.com\/corporate\/anmalan-skriv-och-las-den-forsvunna-tomteluvan\/"]}]},{"@type":"ImageObject","inLanguage":"en-US","@id":"https:\/\/mystudyweb.com\/corporate\/anmalan-skriv-och-las-den-forsvunna-tomteluvan\/#primaryimage","url":"https:\/\/mystudyweb-bucket.s3.eu-west-1.amazonaws.com\/corporate\/wp-content\/uploads\/2025\/11\/14153909\/Omslag.jpg","contentUrl":"https:\/\/mystudyweb-bucket.s3.eu-west-1.amazonaws.com\/corporate\/wp-content\/uploads\/2025\/11\/14153909\/Omslag.jpg","width":708,"height":449},{"@type":"BreadcrumbList","@id":"https:\/\/mystudyweb.com\/corporate\/anmalan-skriv-och-las-den-forsvunna-tomteluvan\/#breadcrumb","itemListElement":[{"@type":"ListItem","position":1,"name":"Home","item":"https:\/\/mystudyweb.com\/corporate\/"},{"@type":"ListItem","position":2,"name":"Anm\u00e4lan Skriv och L\u00e4s &#8211; \u201dDen f\u00f6rsvunna tomteluvan\u201d"}]},{"@type":"WebSite","@id":"https:\/\/mystudyweb.com\/corporate\/#website","url":"https:\/\/mystudyweb.com\/corporate\/","name":"mystudyweb","description":"","publisher":{"@id":"https:\/\/mystudyweb.com\/corporate\/#organization"},"potentialAction":[{"@type":"SearchAction","target":{"@type":"EntryPoint","urlTemplate":"https:\/\/mystudyweb.com\/corporate\/?s={search_term_string}"},"query-input":{"@type":"PropertyValueSpecification","valueRequired":true,"valueName":"search_term_string"}}],"inLanguage":"en-US"},{"@type":"Organization","@id":"https:\/\/mystudyweb.com\/corporate\/#organization","name":"mystudyweb","url":"https:\/\/mystudyweb.com\/corporate\/","logo":{"@type":"ImageObject","inLanguage":"en-US","@id":"https:\/\/mystudyweb.com\/corporate\/#\/schema\/logo\/image\/","url":"https:\/\/mystudyweb.com\/corporate\/wp-content\/uploads\/2016\/12\/cropped-logo.jpg","contentUrl":"https:\/\/mystudyweb.com\/corporate\/wp-content\/uploads\/2016\/12\/cropped-logo.jpg","width":466,"height":55,"caption":"mystudyweb"},"image":{"@id":"https:\/\/mystudyweb.com\/corporate\/#\/schema\/logo\/image\/"}}]}},"_links":{"self":[{"href":"https:\/\/mystudyweb.com\/corporate\/wp-json\/wp\/v2\/pages\/7549","targetHints":{"allow":["GET"]}}],"collection":[{"href":"https:\/\/mystudyweb.com\/corporate\/wp-json\/wp\/v2\/pages"}],"about":[{"href":"https:\/\/mystudyweb.com\/corporate\/wp-json\/wp\/v2\/types\/page"}],"author":[{"embeddable":true,"href":"https:\/\/mystudyweb.com\/corporate\/wp-json\/wp\/v2\/users\/1"}],"replies":[{"embeddable":true,"href":"https:\/\/mystudyweb.com\/corporate\/wp-json\/wp\/v2\/comments?post=7549"}],"version-history":[{"count":60,"href":"https:\/\/mystudyweb.com\/corporate\/wp-json\/wp\/v2\/pages\/7549\/revisions"}],"predecessor-version":[{"id":9661,"href":"https:\/\/mystudyweb.com\/corporate\/wp-json\/wp\/v2\/pages\/7549\/revisions\/9661"}],"wp:featuredmedia":[{"embeddable":true,"href":"https:\/\/mystudyweb.com\/corporate\/wp-json\/wp\/v2\/media\/9634"}],"wp:attachment":[{"href":"https:\/\/mystudyweb.com\/corporate\/wp-json\/wp\/v2\/media?parent=7549"}],"curies":[{"name":"wp","href":"https:\/\/api.w.org\/{rel}","templated":true}]}}